= b + -3. What is u(q)?
-6
Let g(y) = y**2 - 10*y + 12. Let o be g(8). Let h = 29 - 18. Let i(a) = 3*a**2 - 2*a + 14. Let p(j) = -j**2 + j - 5. Let b(q) = h*p(q) + 4*i(q). What is b(o)?
5
Let d(f) be the first derivative of f**3/3 - 3*f**2 - 3*f + 14. Determine d(5).
-8
Let l(q) = -10*q**2. Let p(t) = -2*t - 6. Let w be p(-5). Let s = -3 + w. Calculate l(s).
-10
Let n(k) = -10*k - 18. Let l(a) be the third derivative of -a**4/8 - a**3 + 5*a**2. Let o(w) = -7*l(w) + 2*n(w). Calculate o(-5).
1
Let c(y) = y + 7. Let h be c(-5). Let o(f) = -f**2 - f + 1. Let b(w) = -w - 7. Let n be b(-4). Let s(l) = -4*l**2 + 1. Let g(d) = n*o(d) + s(d). Determine g(h).
0
Let r(t) be the first derivative of -t**3/3 - 3*t**2/2 - 2*t + 3. Let i be r(-3). Let u = -3 - i. Let g(w) = -4*w**2 + w + 1. Calculate g(u).
-4
Let m(u) = -u**3 + 4*u**2 - u - 2. Let t(d) = 2*d + 7. Suppose 5*l = -q - 20, -4*l - 2*q = -6*q + 40. Let o be t(l). Let s = o - -5. Determine m(s).
4
Let g(q) = -7*q**2 - 2*q + 15. Let u(a) = -3*a**2 - a + 7. Let j(c) = -2*g(c) + 5*u(c). Let l be 2/4*(0 - 0). Calculate j(l).
5
Suppose q - 3*u + 1 = 5, 0 = -3*q - 4*u - 1. Suppose -z - q = -3. Suppose 2*d = -2 - z. Let y(v) = 2*v**2 + 2*v - 2. Calculate y(d).
2
Let u(d) be the first derivative of -d**4/12 - 5*d**3/6 + d**2/2 - d - 3. Let q(o) be the first derivative of u(o). What is q(-4)?
5
Suppose 0 = 2*i + 2*i + 12. Let q(l) = 7*l**3 - l**2 - 9*l - 8. Let m(x) = -11*x**3 + 2*x**2 + 14*x + 12. Let s(p) = 5*m(p) + 8*q(p). Determine s(i).
-7
Suppose 0 = 2*k - 2*p + 6, -3*p + 3 + 0 = 0. Let r(w) = -w**3 - 3*w**2 - 2*w - 3. Determine r(k).
-3
Let b = -4 + 6. Let q = b + 0. Let f(h) = 2*h**2 + 2*h + 7. Let m(y) = 4*y**2 + 5*y + 15. Let g(u) = -9*f(u) + 4*m(u). Determine g(q).
-7
Let k(j) be the second derivative of j**4/12 - j**3/3 - j**2/2 - j. Suppose -8 = -3*x + 4. Suppose 0 = 4*g + x*s - s - 17, 0 = 3*g - 4*s + 6. Calculate k(g).
-1
Let y(h) = -2*h**2 + 3*h - 3. Let s(q) = q**2 + q + 2. Let c be s(0). Suppose 2*n + c - 6 = 0. What is y(n)?
-5
Suppose 0 = 3*u - u - 6. Let z(v) = 8*v + 3. Let h(s) = 15*s + 5. Let k(j) = -6*h(j) + 11*z(j). What is k(u)?
-3
Let s(t) be the first derivative of -t**4/4 + 5*t**3/3 + 7*t**2/2 + t + 11. Calculate s(6).
7
Suppose -5*p = -u + 7, 2*p - 14 = -3*u + u. Let s(w) = 3 + w - 3*w**2 - 2*w - 8*w + 4. Let c(z) = 5*z**2 + 17*z - 13. Let n(b) = u*s(b) + 4*c(b). What is n(3)?
3
Let x(a) = -a + 3. Let t(w) = 2*w + 22. Let r be t(-8). Calculate x(r).
-3
Let v(u) = 2*u + 1. Let f = 1 - 3. Let h be (-1)/(-2) + 3/f. What is v(h)?
-1
Let b = -2 - 2. Let s(p) = -34 - 2*p + 11 + 18. Calculate s(b).
3
Suppose 4*w = -21 - 3. Let q = -3 - w. Let z(n) = -n**3 + 2*n**2 + n + 4. Give z(q).
-2
Let p(f) = -f**2 + 6*f - 2. Let t be p(5). Let q = -4 - -13. Let u(o) = q + 0 - o - 5. Give u(t).
1
Let x(h) = 3*h**2 - 2*h - 1. Let q(f) = -f**3 - 10*f**2 - 11*f - 12. Let j be q(-9). Suppose -k + 4*a = -3, -4*k - j + 0 = 2*a. Calculate x(k).
4
Let f be (5 + -1)*1 - 0. Suppose -3*z = -2*m - 20, f*m = -5*z - 0*m + 4. Let k(i) = -1 + 8 + i**2 + 5*i**3 - 2 - z*i**3. Calculate k(0).
5
Let i(v) be the second derivative of -v**3/6 - 3*v**2/2 + 7*v. Give i(-5).
2
Let u(n) be the first derivative of -n**3/3 + n**2/2 + 6*n - 8. What is u(5)?
-14
Let z(p) = p**3 - 8*p**2 - 9*p + 2. Let i be z(9). Let n(g) = -g - 1 - 5 + 4*g**i - 5*g**2 + 6*g. Calculate n(5).
-6
Let f be 36/(-10) + (-4)/10. Let u(k) = -k - 241*k**2 + k**3 + 126*k**2 + 2 + 119*k**2. What is u(f)?
6
Let m(y) be the third derivative of -y**7/5040 + y**6/240 - 2*y**5/15 + 2*y**2. Let u(n) be the third derivative of m(n). Calculate u(4).
-1
Let x be (6*-1)/3 - -6. Let b(a) = 0*a - 2*a - 5 - 2*a**2 + 8*a + a. Give b(x).
-9
Let q(o) be the third derivative of 0 + 0*o**3 + 0*o + 3*o**2 + 1/720*o**6 + 0*o**5 - 1/24*o**4. Let k(s) be the second derivative of q(s). What is k(0)?
0
Suppose 96*c - 5 = 95*c. Let q(j) = -j**2 + 7*j + 1. Determine q(c).
11
Let r = 18 - 14. Let d(h) = 3*h - 6. Let k(q) = -4*q + 7. Let c(m) = r*k(m) + 5*d(m). Give c(6).
-8
Let t(i) = -4*i - 3. Let c be t(-2). Let b(y) = 115*y - 56*y - 58*y - 10. Give b(c).
-5
Let a(l) = -3*l + l**3 + 7*l + 2*l + 6 - 2*l**2 - 5*l**2. Calculate a(6).
6
Suppose 4*t + 22 = -2*q, 3*q - 5*t = -q + 8. Let g(c) = c**2 + c - 4. Give g(q).
2
Let t(h) = 4*h**3 - 756*h + 756*h. Let v = 2 + -1. Determine t(v).
4
Let h(x) = 7 + x**2 - 19*x - 2*x**2 + 25*x. Determine h(7).
0
Let d(y) be the first derivative of -y**5/20 - y**3/6 - 2*y**2 - 3*y - 3. Let m(v) be the first derivative of d(v). What is m(0)?
-4
Let r(o) = -5*o**2 - 2*o - 2. Let v be r(-1). Let t(i) = i**3 + 5*i**2 + 3*i + 1. Give t(v).
-14
Let y(q) = 8*q - 3 + 4 - 3*q + 90*q**2 - 89*q**2. Give y(-6).
7
Let s be 8/5 - (-4)/10. Let o = -8 + 11. Let t(n) = 0 + o + 3 + 2*n - 4. Calculate t(s).
6
Let w be (6/(-5))/(9/120). Let m = w - -38. Suppose 3*b + 7 = m. Let l(d) = -d**2 + 5*d - 1. Determine l(b).
-1
Let h(o) be the second derivative of -2*o**3/3 - 3*o**2 + 36*o. Give h(-6).
18
Let z(v) be the third derivative of -v**5/60 + 3*v**4/8 - 3*v**3/2 + 13*v**2. What is z(7)?
5
Let o(n) = 2*n - 9 + 0*n - 3*n. Let k = 8 + -8. What is o(k)?
-9
Let i(z) = -8*z**2 - z. Suppose 2*g - 12 = 5*y, 5 - 21 = 4*g. Let k(f) = 2*f**3 + 2*f**2 - 2*f - 1. Let h be k(-2). Let s = h - y. Determine i(s).
-7
Let d = 203 - 202. Let u be (-3 + (1 - 1))/(-1). Let c(p) = p**2 + p + 1 - 3*p**2 - u*p. Give c(d).
-3
Let u(j) = 2*j - 2. Let l(d) = d - 2. Let c be l(4). Give u(c).
2
Let m(r) = 9*r + 3. Let k(n) = -2*n - 3*n + 1 - 2. Let g(w) = 7*k(w) + 4*m(w). Give g(4).
9
Let t(p) = 3*p - 7. Let x(m) be the first derivative of 9*m**2/2 - 20*m + 2. Let a(v) = 17*t(v) - 6*x(v). Let s be a(2). Let b(k) = k + 12. Determine b(s).
7
Let c(o) = -o**3 + 9*o**2 - 9*o + 9. Let u be c(8). Let f(i) = 2*i - 2*i - u + 3*i - 2*i. Calculate f(-5).
-6
Let p be ((-22)/(-55))/(2/5). Let v = -1 + 3. Let g(f) = -3 + v + f + p. Give g(1).
1
Let l(p) = 7*p - 7. Let v(d) = d - 1. Let f(h) = l(h) - 6*v(h). Determine f(2).
1
Let s(z) = 2*z - 1. Suppose -4 = p - 5. Let k(q) = -q**3 + q - 1. Let g be k(p). What is s(g)?
-3
Suppose 2*m + 2*d - 2 = 0, 3*m + 3*d = 4*m - 5. Let q(s) = 3*s - s**2 + 2*s**m - 5*s - 3*s**2 + 3. What is q(2)?
-9
Let c(o) = 3*o**3 - 4*o**2 - 3*o + 5. Let k(b) = 10*b**3 - 13*b**2 - 10*b + 16. Let r(g) = 7*c(g) - 2*k(g). Determine r(3).
9
Let a = -15 - -21. Suppose 5*t + 5 = -5*g, 5*g - 1 + a = 2*t. Let q(k) = k + k + t*k. Determine q(-1).
-2
Let t = -41/2 - -21. Let s(a) be the first derivative of 1 + 5*a + t*a**2. Determine s(-4).
1
Let y(k) = -4*k**3 + 3*k**2 - 7*k - 1. Let s(n) = 9*n**3 - 5*n**2 + 15*n + 3. Let w(c) = -3*s(c) - 7*y(c). Determine w(5).
-7
Let f(o) = -6*o**3 - o**2 + 5*o**3 + o + 0*o + 1 + 2*o**2. Let t(x) = -x**3 - 5*x**2 + 7*x - 2. Let d(j) = -2*f(j) + t(j). Give d(6).
-10
Let c(o) = 5*o**3 + o. Let d be c(1). Let u(i) = i - 2*i**2 + 1 - 2*i**3 + i**3 + 8*i**2. What is u(d)?
7
Let j(t) = -4*t**3 - t + 1. Let h be j(1). Let s = h - -10. Let f(v) = 2 - s - 5 + 1 + v. Determine f(0).
-8
Let j(t) be the first derivative of t**3/3 + t**2/2 - t - 50. Determine j(4).
19
Let k(r) = -r**3 + 6*r**2 + r - 4. Let b = 17 + -11. Calculate k(b).
2
Let c(d) = 3*d - 1 - 4*d - 4*d. Let n(i) = -4*i**3 - i**2. Let l be n(1). Let u = 6 + l. Calculate c(u).
-6
Let z(v) be the third derivative of -v**6/120 + 7*v**5/60 - v**4/6 - 4*v**3/3 - 8*v**2. Calculate z(6).
4
Suppose 2*s + n = 7, -s + 6*s - 22 = -4*n. Let j be (s/(-4) + 0)*0. Let b(p) be the second derivative of p**5/20 + p**3/6 + 2*p**2 + 2*p. Determine b(j).
4
Let b(n) = -n**2 + 8*n - 5. Let u be b(5). Suppose -u - 5 = 5*q. Let v(j) = j**3 + 5*j**2 + 5*j + 2. Give v(q).
5
Let b(n) be the third derivative of -n**6/120 - n**5/20 - n**4/8 + 2*n**2. Let h(a) = a**2 + 4*a + 1. Let m be h(-3). Let q = m + 0. Determine b(q).
2
Let v(n) = n**3 - 6*n**2 + 5*n + 7. Let b be (0 + 1)/(1/5). Determine v(b).
7
Suppose -5*t = 3*u + 1 + 7, 2 = 3*t - 5*u. Let o(j) = -4*j**2 + 2*j + 7. Let c(p) = -p**2 + 1. Let m(d) = t*o(d) + 3*c(d). Determine m(3).
-1
Let m = 11 + -8. Suppose m*a - 9*a = -12. Let g(v) = -6*v + 1. Calculate g(a).
-11
Let r(u) = -u**3 - 8*u**2 + 9*u + 2. Let z be r(-9). Suppose z*f = -4*v + 24, -2*v + 33 = 4*f + 9. Let i(q) = 2*q**